igit of j?
3
Let h = -275 + 829. Suppose h + 1436 = 5*k. What is the hundreds digit of k?
3
Let v = -9982 - -21283. What is the ten thousands digit of v?
1
Suppose 0 = -9*t + 1204 + 1010. Suppose -3*b + 2*w = -12 - 357, -2*b - 4*w + t = 0. What is the tens digit of b?
2
Suppose -6*a - 26*a = -206304. What is the thousands digit of a?
6
Suppose -53*g + 55374 = -195369. What is the hundreds digit of g?
7
Suppose 0 = 4*a + 232 + 1112. Let c = 1949 + a. What is the thousands digit of c?
1
Suppose -4937 - 39863 = -25*d. What is the hundreds digit of d?
7
Let n(t) = t**3 + 10*t**2 + 11*t + 26. Let w be n(-8). Suppose 2*r - 8 = 0, 3*x - 1 - 12 = -r. Suppose 102 = x*z - w. What is the tens digit of z?
5
Let a(f) = -397*f + 22356. What is the units digit of a(0)?
6
Let f(w) = -w**3 - 7*w**2 + 30*w + 5. Let k be f(-10). Suppose -7*j + 5004 = k*j. What is the units digit of j?
7
Let t(l) be the second derivative of 37*l**3/6 - 31*l**2/2 - 110*l. What is the tens digit of t(27)?
6
Suppose -n + 23708 = 5*x, -26*x = -30*x - 3*n + 18962. What is the thousands digit of x?
4
Let r(w) = 14*w**2 - 30*w + 1003. What is the hundreds digit of r(32)?
3
Let z(k) = -11*k + 38. Let m be z(4). What is the units digit of (3 - 15)/m + 485?
7
Suppose -5*q - 214785 = 27*q - 69*q. What is the thousands digit of q?
5
Suppose 4*k = -4*d - 3944, -2*k - 5*d = 2*k + 3949. Let j = k + 672. Let m = 453 + j. What is the units digit of m?
4
Suppose 4*g + 43*b - 142433 = 40*b, -4*g - 9*b + 142451 = 0. What is the hundreds digit of g?
6
Suppose -330*l = -4*u - 327*l + 9649, 5*u - 12067 = -2*l. What is the tens digit of u?
1
Suppose 167*b - 190*b - 226*b = -14999262. What is the tens digit of b?
3
Suppose -20 = 9*q - 47. Suppose y - 133 = -d + 221, q*d + 2*y = 1066. What is the tens digit of d?
5
Let y(h) = 49*h - 6. Let f be y(19). Let o be f + (-2 + 4)/(-2). Let i = -658 + o. What is the units digit of i?
6
Let l(g) = -9*g**3 - g**2 + 3*g + 3. Let j be l(-2). Suppose 34*b = 193 + 317. What is the units digit of 9/(j/b + -4)?
7
Let z(p) = p**2 + 10*p - 115. Let x be z(-17). Suppose -3*b = 2*m - 905, 2*m - x*b + 5*b - 915 = 0. What is the tens digit of m?
6
Let w = 69 - -31. Let q = w + -98. Suppose q*k + 780 = 4*p + 3*k, 5*k - 195 = -p. What is the units digit of p?
5
Let r = -22 - -14. Let c(u) = -u - 8. Let g be c(r). Suppose -3*y - 157 = -2*b - g, 5*b + y - 384 = 0. What is the tens digit of b?
7
Suppose -l + 7786 = 4*h, l - 3271 = -h + 4506. What is the hundreds digit of l?
7
Let d(u) = -7*u**2 - 10*u - 53. Let h(y) = -9*y**2 - 11*y - 53. Let i(t) = 5*d(t) - 4*h(t). What is the units digit of i(-8)?
9
Suppose -27*l - 6 + 60 = 0. Suppose 4*t = -4*k + 1424, 5*t + 60 - 1840 = -l*k. What is the hundreds digit of t?
3
Let y(x) = x**2 - 12*x + 22. Let s(k) = k**3 + 15*k**2 + 25*k - 3. Let h be s(-13). What is the units digit of y(h)?
2
What is the tens digit of (0 - 1) + (11353 - -13)?
6
What is the tens digit of ((-4)/(-6))/((-38)/(-111036))?
4
Let l be 140/(-6)*72/(-20). Suppose l*c = 91*c - 7462. What is the thousands digit of c?
1
Let x = 22741 - 15309. What is the tens digit of x?
3
Let c = 8370 - -321. What is the hundreds digit of c?
6
Suppose 16*o - 11*o = -15. Let w = o - -7. Suppose -t + 334 = -0*f + 4*f, -3*f + 260 = -w*t. What is the units digit of f?
4
Let p(l) = 3201*l**2 + 3*l + 11. What is the hundreds digit of p(-3)?
8
Let x = 1906 + 10966. What is the hundreds digit of x?
8
Let o = 34706 - 8302. What is the thousands digit of o?
6
Suppose 0 = 4*s + 1 - 9. Suppose 3*l - s*p = 16, -5*l + 5*p + 33 = -l. What is the units digit of ((20/(-6))/l)/(16/(-1392))?
5
Let w(q) = -3*q**2 + 19 + 4*q + 86 + q**2 + q**2. Let j be w(0). Suppose 19*b = 18*b + j. What is the hundreds digit of b?
1
Let q(z) = 408*z**3 - 29*z**2 - 30*z + 77. What is the ten thousands digit of q(3)?
1
Suppose 3*t - 24462 + 8737 = -y, -15727 = -3*t + y. What is the hundreds digit of t?
2
Let u = 25 - 7. Suppose p = -u*p + 6669. What is the hundreds digit of p?
3
Let j(w) = -131*w**3 - 2*w**2 - w. Let y be 1/(-4) - (-13)/((-156)/9). What is the tens digit of j(y)?
3
Let a(w) = 17399 - 17410 + w + 19*w**2 + w. What is the tens digit of a(-4)?
8
Suppose 10*t + 32 = 6*t. Let l(x) = -2*x**3 - 16*x**2 - 19*x - 18. What is the hundreds digit of l(t)?
1
Let u = 37 + 35. What is the hundreds digit of 1/3 - (-26256)/u?
3
What is the thousands digit of (3546/(-90) - 17)*-40?
2
Let k(x) = 19*x + 39. Let i = 42 - 21. What is the units digit of k(i)?
8
Suppose 95034 = 259*q - 548982 - 4335000. What is the tens digit of q?
2
Let t = 2288 + -585. Let b = t + -106. What is the thousands digit of b?
1
Let z = -5464 + 16640. What is the hundreds digit of z?
1
Suppose -6 = 3*l + 6. Let q be 6/l - 525/(-14). What is the units digit of (19 - 14)*q/10?
8
Let p = -13671 - -20935. What is the thousands digit of p?
7
Let z(w) = 144*w**2 + 292*w + 2356. What is the units digit of z(-8)?
6
Let j be ((-205)/(-10)*3)/(3/18). Let y = j + -265. What is the units digit of y?
4
Let w(s) = -s**3 - 11*s**2 + 15*s + 36. Let x be w(-12). Suppose -4*q = -4*z - 2160, -2*q + x*q = z - 1095. What is the units digit of q?
5
Let p = 4319 + -1497. Suppose -6*q - 686 = -p. What is the hundreds digit of q?
3
Let p = -33373 - -56500. What is the hundreds digit of (-2)/8 + p/156?
1
Let o(v) = 11*v**2 + 35*v + 374. What is the units digit of o(26)?
0
What is the units digit of (-21)/12 + (-804744)/(-96)?
1
Suppose -1082*j + 1085*j - 3 = 0. What is the hundreds digit of -1*j*604/(-2)?
3
Let u(j) = j**3 - 2*j**2 - j + 4. Let h be u(5). Let o(a) = 5*a + 54. Let t be o(-10). What is the units digit of (-2)/(6/h*t/(-6))?
7
Let n(a) = a**2 - 17*a + 43. Suppose 0 = 3*q + 4*y + 53, -y - 77 = -14*q + 19*q. What is the tens digit of n(q)?
2
Let b = 10744 - 4191. What is the tens digit of b?
5
Let b(o) = -o**3 - o**2 - 3*o + 4. Let w be b(4). Let s be (-4)/1*w/(-32). What is the units digit of 2*1 - (-63 - s)?
4
Suppose 70*a - 53*a - 186*a = -18252. What is the units digit of a?
8
Suppose -3*h = 5*y + h - 50, 0 = -5*y - 3*h + 45. Let r be ((-39)/y)/((-2)/36). Let i = r - 52. What is the units digit of i?
5
What is the thousands digit of ((-2290)/1374)/((-1)/24*5) - -11582?
1
Let i = 104839 + -74621. What is the tens digit of i?
1
Suppose d = -2*z + 20764, -4*d + 3*z = -23464 - 59669. What is the tens digit of d?
7
Let s = -176 + -21. Let g = -88 - s. Suppose 3*c = -r + 40 + 5, 3*r = 4*c + g. What is the tens digit of r?
3
Let y(s) = 14*s**2 - 11*s - 5. Let u be y(-5). Let v = -257 + u. What is the units digit of v?
3
Let q = -216 - -601. What is the hundreds digit of (220/q)/((-4)/(-3262))?
4
Suppose -983534 = -242*o + 190*o - 273006. What is the units digit of o?
4
Let u = 10081 + -4658. What is the tens digit of u?
2
Suppose -2*c - 6 = k - 2, 3*c = 3*k + 12. Let p be (0 - c)/(-1 - 2). Suppose 0 = -p*x + x - 25. What is the tens digit of x?
2
Let j = -50 + 38. Let m = -8 - j. Suppose -328 = -m*z - 32. What is the units digit of z?
4
Suppose 0 = 7*s + 55*s - 102893 - 437933. What is the units digit of s?
3
Let z(a) be the third derivative of -a**6/120 + a**5/60 - 7*a**4/24 + 409*a**3/3 + 54*a**2. What is the tens digit of z(0)?
1
Let x = 81 + -76. Let r(w) = 4*w**3 - 2*w**2 + 5*w - 17. What is the units digit of r(x)?
8
Let h = 149968 + -81295. What is the tens digit of h?
7
Suppose 5*m - 2*y = -36 + 212, -y = -2. Let b = 32 - m. What is the units digit of 228/(-5)*(b/3 - 2)?
2
Let i(z) = 37*z**2 + 41*z - 212. What is the tens digit of i(19)?
2
Let l be (7 + -5)/(-1) + 1 + -95. Let n = 31 - l. What is the hundreds digit of n?
1
What is the hundreds digit of (24/9)/((-48)/(-505368))?
0
Let i be ((-6381)/(-12))/(30/80). Let q = i - 615. What is the hundreds digit of q?
8
Let s(r) = 9*r**2 + r - 4. Let l be s(3). Let j = -28 + l. Suppose j*x - 57*x = -95. What is the tens digit of x?
1
Suppose -1025*q + 1044160 = -985*q. What is the tens digit of q?
0
Let o(j) = 5*j + 52. Let t be o(14). Let r = t + 301. What is the hundreds digit of r?
4
Let j(u) = u**2 + 8*u - 57. Let d be j(-20). Let m = d - -140. What is the tens digit of m?
2
Let c = 142 - 145. What is the hundreds digit of ((-374)/(-55))/(-3*c/270)?
2
Let r(b) = -b**3 - 27*b**2 + 36*b - 483. What is the thousan